 - 4*x + 3. Determine o(w).
-10
Suppose 0 = 4*a - d - 73, 40*a - 37*a - d = 56. Let b(u) = u**2 - 18*u + 21. What is b(a)?
4
Let i(v) = v**3 - 14*v**2 + 15*v + 2. Let x(n) = -n**2 + 75*n - 272. Let b be x(4). Calculate i(b).
-106
Let f(i) be the third derivative of i**4/24 + i**3/6 - 129*i**2. Suppose 0 = 2*x - 2, 0*l + 5*l + 5*x = 30. Suppose 12*b + 14 = l*b. Give f(b).
-1
Let x(y) = -y**3 + 3788*y - 4 - 3781*y + 164*y**2 - 172*y**2. Give x(-8).
-60
Suppose -4*l + 5*l - 3 = 0. Suppose 0 = 3*w - m + l - 2, 5*w = -m + 1. Suppose 0 = -4*x - w*x + 2*x. Let q(f) = -f**3 + f**2 - f + 6. Calculate q(x).
6
Let t(h) = 26347 + 3*h - 2*h + 0*h - 26357. Give t(19).
9
Suppose 4 + 21 = 16*s - 7. Let j(c) = 2*c**2 - 6*c + 4*c**3 + 6*c - 2. Give j(s).
38
Let s(t) = -149*t**2 + 31*t - 26. Let o(p) = 16*p**2 + p + 3. Let l(c) = -18*o(c) - 2*s(c). Calculate l(8).
-2
Let k = 3291 + -3230. Let c(t) = -t**3 + 61*t**2 - 2*t + 122. Give c(k).
0
Let d(v) = -v**3 + 3*v**2 - 2*v + 2. Let p be (3 + (-48)/6)*-3. Suppose -4*t - 3*i = p, -6*i - 25 = -2*t - i. Suppose -80*m + 85*m - 15 = t. Calculate d(m).
-4
Let f(i) = -20 - 6*i - 25 - 30 + 18*i + 68. Determine f(3).
29
Let m(a) be the third derivative of 19*a**4/24 - 7*a**3/6 - 42*a**2 - 2. Let x(y) = -3*y + 2. Let t(h) = m(h) + 6*x(h). Determine t(6).
11
Let a(g) = -4*g**3 - 25*g**2 - 5*g - 2. Let w be (-256)/44 + 146/(-803). Determine a(w).
-8
Suppose 3*x + 9 = -0*x. Let j(a) = 7 + 0 + 1462*a - 1468*a. Let o(v) = 5*v - 6. Let n(p) = x*o(p) - 2*j(p). Calculate n(3).
-5
Let g(k) = 10*k**3 - 5*k**2 + 8*k - 21. Let f(b) = -4*b**3 + 2*b**2 - 3*b + 7. Let u(s) = -11*f(s) - 4*g(s). Calculate u(-3).
-122
Let t = 35 - -88. Suppose -4*g = -t + 15. Suppose -4*q = 5 + g. Let h(a) = 3*a + 10. Calculate h(q).
-14
Let o(k) be the first derivative of k**4/4 + 5*k**3/3 + 7*k**2/2 + 13*k + 2753. What is o(-4)?
1
Let i(b) be the first derivative of -b**4/4 - 22*b**3/3 - 45*b**2/2 - 103*b + 191. What is i(-20)?
-3
Let w be 0*10/10*((-27)/7 - -4). Let k(n) = -n**2 - 4*n - 14. Let f(j) = -j**2 - 3*j - 13. Let b(s) = 5*f(s) - 4*k(s). Give b(w).
-9
Let n(l) = -2*l + 6. Let s(a) = 33*a - 198. Let m(z) = -18*n(z) - s(z). Calculate m(-32).
-6
Let o = -1782 - -1782. Let k(q) be the second derivative of 1/2*q**2 - 9/2*q**3 - 2*q + o. What is k(-1)?
28
Let o(p) = -3*p + 16. Let c(n) = 4*n - 22. Let a = -289 + 291. Let l(m) = a*c(m) + 3*o(m). Calculate l(6).
-2
Let x = -17060 + 17058. Let w(k) = 2*k**3 + 2*k**2 + 4*k + 2. Give w(x).
-14
Let l = 1702 - 565. Let v(q) = 1140*q - 9*q**3 - l*q - 2*q**2 - 2 + 0*q**2. Give v(1).
-10
Let t(h) = 5*h - 39. Let s(o) = -8*o + 29. Let f(m) = -4*s(m) - 3*t(m). Let p be 58/4 + (-3)/(-2). Let b = -17 + p. Calculate f(b).
-16
Let m = 42 + -48. Let h be 56/21 - 1/(-3). Let j(v) = v - h + 6 + 2 + 0*v. What is j(m)?
-1
Let u(l) be the third derivative of 11*l**4/12 + 73*l**3/6 - 301*l**2 - l - 3. What is u(-4)?
-15
Let j(z) = 9 - 10*z + 10*z + z. Suppose 5*t + 46*t = 204. Give j(t).
13
Let w = -28 - -44. Let x = -14 + w. Let z(v) be the third derivative of v**5/30 + v**3/6 + 99*v**2. Determine z(x).
9
Let o(i) be the third derivative of -i**5/60 + 7*i**4/24 - 2*i**3/3 + 93*i**2 + 2. Suppose 0 = -4*s + 5 + 19. Determine o(s).
2
Suppose o - 10 = 4*p, -25 = -3*o - 2*p - 9. Let i(h) = 154 - 6*h + 2*h**2 + 137 - h**2 - 295. Calculate i(o).
-4
Let d(f) = -4*f**3 - 12*f**2 + 3*f**3 + 6*f**2 + 0*f**3 + 3. Let r = 432 - 438. Give d(r).
3
Let k(v) = v + 5. Let a(y) = -6. Let c(g) = 4*a(g) + 5*k(g). Suppose 0 = 8*n - 169*n - 173*n + 1002. Determine c(n).
16
Let c be 8/(-6)*6/(-4). Let r(i) = 8*i + 3*i**2 + i + 4*i**2 - 9*i**c. Determine r(6).
-18
Let c(g) = -g**2 - 11*g - 10. Let a(u) = 67*u - 2888. Let h be a(43). What is c(h)?
18
Suppose -102*n = -98*n + 48. Let k(p) = 32 - 96 + 7*p + 6*p + 75 + p**2. Calculate k(n).
-1
Let a(n) = 107*n**2 + 151*n - 110*n**2 - 6*n + 91. Calculate a(49).
-7
Suppose -5*m - 4 = -2*c, 0 = -390*m + 387*m + 2*c + 4. Let u(l) = 7*l**2 + 11*l - 1. Let q(n) = -6*n**2 - 10*n + 1. Let a(y) = -6*q(y) - 5*u(y). What is a(m)?
-5
Let g(v) = 2*v**2 + 1. Let j(n) = n**3 + 10*n**2 + 16*n + 2. Let i be j(-8). Suppose -2*b - 2 = i*w + 4, -5*b + 5*w = -25. What is g(b)?
3
Let s(v) = -270632*v**2 + 0*v - 7*v + 270634*v**2. Give s(7).
49
Let n(l) be the second derivative of l**3/6 - l**2/2 + l. Suppose -2*h - 3*x = 41, 291*x + 5 = -5*h + 290*x. Give n(h).
1
Let t be 6*(13 - (-847)/(-66)). Let z(x) = -33*x**2 + 2*x - 1. Calculate z(t).
-32
Let m(v) = 7*v + 5 + 48*v - v**2 - 47*v. Suppose -c - 1 - 6 = 0. Let j be 2 - (-1 + 2) - c. Calculate m(j).
5
Let k = 13162 + -13170. Let q(m) = 0 - 4 - m**2 - 4 - 9*m. Give q(k).
0
Let w(z) = 78*z**2 - 163*z**2 + 84*z**2 + 22*z - 43. Give w(20).
-3
Let z be (4 + 10/(-4))/((-2)/(-12)). Suppose 5*m + z*m = 70. Let f(k) = 8*k - 7. Determine f(m).
33
Let o(q) = q**3 + 2*q**2 + 17*q + 1. Let x(m) = -10*m**3 - 27*m**2 - 234*m - 10. Let j(l) = -11*o(l) - x(l). Calculate j(10).
-31
Let l(u) be the third derivative of 5*u**4/24 + 7*u**3/6 + u**2 - 10*u. Let c(z) = 6*z + 6. Let v(m) = -3*c(m) + 4*l(m). Calculate v(-4).
2
Let g(d) = 13*d - 6. Let b(q) = -12*q + 5. Let w(j) = -3*b(j) - 2*g(j). Let r be (-12)/27*(-153)/34. Give w(r).
17
Suppose -4 = 7*z - 3*z - 5*k, k - 8 = 2*z. Let y(g) be the first derivative of g**3/3 + 9*g**2/2 + 7. Determine y(z).
-18
Let x(y) = -4*y**2 - 7*y - 99. Let m(d) = d**2 + 2*d - 3. Let u(b) = 5*m(b) + x(b). Give u(9).
-6
Suppose 3*p - 22 = -4*m, -1 = -9*m + 8*m. Let y(h) = -24*h + 8*h + 6*h - 3 + p*h + 2. Let k(c) = -c**3 + 7*c**2 + 8*c + 3. Let g be k(8). What is y(g)?
-13
Let q(y) = 19*y**3 + 2*y**2 + y. Let o(x) = -x**2 - x + 2. Let j be o(0). Suppose j*w + 6 = b - 5, 4*w + 25 = 5*b. Let p be b/5 + 12/(-10). Give q(p).
-18
Suppose 22*t - 46 + 2 = 0. Let i(b) = -2*b**2 + 3*b + 1. Let r(o) = -10*o**2 + 16*o + 5. Let u(n) = t*r(n) - 11*i(n). Calculate u(2).
5
Let t(c) = 2*c - 3. Let g(p) be the third derivative of p**4/6 - 7*p**3/6 - 5*p**2 + p. Let q(y) = -6*g(y) + 14*t(y). Determine q(1).
4
Let g(z) = -243*z**2 - 3404*z - 27. Let f be g(-14). Let y(r) = r**3 + 2*r - 1. Calculate y(f).
2
Suppose 5*s - 4*m - 51 = 0, -2*m + 0*m = -4*s + 42. Let l(j) = -10 + j**2 - 6*j - 4*j**2 + 4*j**2 - s + 20. Give l(5).
-6
Suppose -2*o = 3*m - 370, 2*o - 14*m - 390 = -12*m. Let h = 188 - o. Let k(d) = -d - 2. Give k(h).
1
Suppose -7*v + 5*v = 70. Let q = 37 + v. Let f(p) = 2*p - 4 + 2 - q + 0. Calculate f(6).
8
Let s(p) = 4*p**3 - 2*p**2 - 6*p - 6. Let n(k) be the second derivative of -3*k**5/20 + k**3 + 5*k**2/2 - 35*k + 2. Let r(z) = 3*n(z) + 2*s(z). Give r(-5).
-2
Let r(v) = 0*v**3 - 2*v**2 - v**3 - 1 + 0*v**2 + 4*v. Let g(d) = -d**3 + 14*d**2 - 8*d + 10. Let s be g(13). Let z = 72 - s. Give r(z).
-4
Let p(v) = v**3 - 5*v + 3. Suppose 73*j + 189 - 43 = 0. Determine p(j).
5
Let p = -18623 + 18628. Let z(k) = -3*k + 29. Calculate z(p).
14
Let i(f) = 72*f - 77*f + 3 - f**2 + 0*f**2 - 2. Suppose 3*l + l = 4*h + 176, 80 = 2*l + 2*h. Suppose 5*x = -o - o - 24, l = -5*x + 4*o. Give i(x).
-5
Suppose -i + 10 = i. Let t(x) = -36*x**3 + 22*x**3 + 24*x**3 + 7 - x**2 - 11*x**3 - 2*x - 2 + 6*x**2. Calculate t(i).
-5
Let c(h) = -7 + 22 - 3*h**2 - 16 - h**3. Suppose 28*j = 39*j + 33. Calculate c(j).
-1
Suppose -105*b = -110*b + 15, 16 = 5*n - 3*b. Let w(o) = -n + 5*o**3 - 25*o**3 + 12*o**3 - 4*o**2 + 9*o**3 + o + 0. Calculate w(4).
-1
Let d(h) = -63*h + 8*h**3 + 1 + 112*h**2 - 145*h**2 - 3*h**3 - 6*h**3 - 19. Give d(-31).
13
Let r(x) = x - 9. Suppose 0 = 2*v + 2*v - 8. Suppose -5*k - i + 29 = 0, 4*i + v = 18. What is r(k)?
-4
Let k(n) = -n + 3. Let y(q) be the third derivative of q**3/2 - 11*q**2. Let s(d) = -3*k(d) + 4*y(d). Let r be (8/10)/(10/(-25)). Calculate s(r).
-3
Let p(n) = 5*n**2 - 64*n + 8. Let m(a) = -3*a**2 + 33*a - 4. Let q(c) = 7*m(c) + 4*p(c). What is q(-25)?
4
Let g(t) be the third derivative of t**6/720 - t**5/60 - 49*t**4/24 + 144*t**2. Let y(a) be the second derivative of g(a). Calculate y(4).
2
Let s(q) = -52*q**2 - 4*q + 88*q**2 - 41*q**2 - q**3. Let w = -15 + 25. Let k be ((-12)/10)/(w/25). What is s(k)?
-6
Let n be ((-1 - 0)*-109)/1. Let x = n + -107. Let z(k) = 4*k**2 - 3*k + 3. Calculate z(x).
13
Let d(j) = 37*j**3 + 10*j**2 + 10*j + 1. Let z be d(-1). Let y(l)